. What is the remainder when 5 is divided by y?
1
What is the remainder when 19 is divided by (2 - -5) + 2/(-1)?
4
What is the remainder when 6 is divided by (2/(20/15))/(4/8)?
0
Suppose -k - k = -10. Suppose 5*o - 3*t = 18, -k*o + 2*o = t - 8. What is the remainder when 4 is divided by o?
1
Suppose 17 = 5*l + v, 3*v + 4 = -l + 13. Calculate the remainder when 10 is divided by l.
1
Let j = -6 - -12. What is the remainder when j is divided by (-12)/(-10)*(-30)/(-9)?
2
Let l(o) = -o**3 - 4*o**2 + 5*o - 3. Let z be l(-5). Calculate the remainder when 6/(z/((-27)/6)) is divided by 5.
4
Let v(y) = y + 3. Let d be v(-6). Let f(a) = -3*a + 1. What is the remainder when 27 is divided by f(d)?
7
Calculate the remainder when 33 is divided by 5/(-2 + 3 - 2/4).
3
Suppose 12*i - 7*i = -3*s + 76, 0 = 3*s + i - 68. Calculate the remainder when s is divided by 7.
1
What is the remainder when (213/4)/(3/4) is divided by 41?
30
Let g be (-127 - -3)*(-1)/2. Let f = g - 26. What is the remainder when f is divided by 19?
17
Let n = 9 - 10. Let f(t) = -15*t**3 + 2*t + 1. What is the remainder when 55 is divided by f(n)?
13
What is the remainder when 4/(-18) + 1545/27 is divided by 29?
28
Let p = 74 + -49. Calculate the remainder when p is divided by 9.
7
Suppose -3*o + 2*o + 7 = -t, -3 = t + o. Let y = 5 + t. Suppose v + y*v = 16. What is the remainder when v is divided by 6?
4
Let u(c) = -3*c - 44. What is the remainder when 14 is divided by u(-16)?
2
Calculate the remainder when 139 is divided by ((-28)/(-6))/((-3)/(-9)).
13
Suppose -t - 2*t + 30 = 0. Calculate the remainder when (12/4)/(1/t) is divided by 16.
14
Suppose 3*i + 18 = 4*r, -4 - 2 = i + r. What is the remainder when (-2 + 37)*i/(-6) is divided by 12?
11
Let w = 30 - 4. Calculate the remainder when w is divided by 14.
12
Suppose 0 = 4*n - 40 - 168. What is the remainder when n is divided by 11?
8
Let m be (-150 + 0)*8/(-6). Let u = m + -139. What is the remainder when u is divided by 21?
19
Suppose 0*c + 38 = 2*c. Let z = c + -11. Calculate the remainder when z is divided by 5.
3
Let j = -24 - 39. Let d = -34 - j. Calculate the remainder when d is divided by 10.
9
Let p(i) = -i**3 + 3*i**3 + 2*i**2 - 4*i - 3*i**3 - 1 + 4*i**2. What is the remainder when 7 is divided by p(5)?
3
What is the remainder when 113 + (-1 - 4/(-2)) is divided by 23?
22
Let a = 8 - 13. Let j be (-18)/a - (-2)/5. Suppose 5*t = 3*c + 79, 2*t - 5*t - j*c + 59 = 0. What is the remainder when 32 is divided by t?
15
Let f(t) = 4*t + 7. Let x(b) = b + 1. Let u(z) = f(z) + 4*x(z). Let c be u(8). Let g = -42 + c. What is the remainder when g is divided by 17?
16
What is the remainder when 39 is divided by (-1)/3 + 256/12?
18
Suppose 0 = j - 2. Suppose 0 = -0*d - d + 35. Suppose -3*o + d = -j*o. Calculate the remainder when o is divided by 19.
16
Let v(f) = -52*f + 3. What is the remainder when v(-1) is divided by 20?
15
Let f be (-3)/(-12) - (-87)/4. Let v = f + -12. Calculate the remainder when v is divided by 6.
4
Let o(h) = h**2 - 6*h - 2. What is the remainder when 20 is divided by o(8)?
6
Let l(n) = n + 2 - 2 + 3 - 4. Let i be l(3). Suppose 34 = 4*p - i. What is the remainder when 26 is divided by p?
8
Suppose t + 23 = 2*p - 233, 5*p - 651 = -3*t. Suppose 0 = -4*z + p + 131. Suppose a + z = 4*u, -5*a = -a + 4. Calculate the remainder when 30 is divided by u.
14
Let m = -2 + 1. Let l = -6 + m. Calculate the remainder when l/21 - 20/(-6) is divided by 2.
1
Let c = 56 + -30. Calculate the remainder when c is divided by 4/(-16)*-4 + 13.
12
Suppose 40*m + 95 = 45*m. Suppose -u + 3*u - 14 = 0. What is the remainder when m is divided by u?
5
Let r(d) = -d + 16. Let h = -17 + 46. Calculate the remainder when h is divided by r(8).
5
Let r(b) = -b - 14. Let w be r(0). Let z = w - -32. What is the remainder when z is divided by 5?
3
Let i be (-2)/8 + 9/(-12). Let m be (-5)/((1 - 0)*i). Suppose 3*g = m*t + 110, 4*g - 76 - 79 = 5*t. Calculate the remainder when g is divided by 12.
9
Suppose -w + 2 = 0, 5*w = 2*l + 2*l - 142. What is the remainder when l is divided by 20?
18
Suppose -2*q + a = -0*a - 33, 4*q + 3*a - 71 = 0. Let g(r) = r**3 - r**2 - r + 1. Let n be g(0). What is the remainder when n/2 - (-297)/6 is divided by q?
16
Let l(k) be the third derivative of -7*k**4/24 - k**3/6 + 2*k**2. Let g be l(-2). Suppose 7 = 2*s - g. Calculate the remainder when s is divided by 6.
4
Suppose -5*v = 3*h - 148, -3*h - v + 254 = 2*h. Calculate the remainder when h is divided by 13.
12
Let u = 1 + 4. What is the remainder when 17 is divided by u?
2
What is the remainder when 36 is divided by (-42)/(-3)*96/84?
4
Suppose -m - 31 = -2*c, 0 = -m + 4*m + 15. Let x = 7 - 3. What is the remainder when c is divided by x?
1
Let d = -43 + 105. Suppose 3*c = d + 10. What is the remainder when c is divided by 13?
11
Let h be 4/10 + 1779/15. Suppose 2*r + 4 = 22. Suppose h = 5*g + r. What is the remainder when g is divided by 8?
6
Let d(m) = -21*m + 1. Let g(r) = -r - 10. Let i be g(-8). What is the remainder when d(i) is divided by (-21 - 1)*(-3)/6?
10
Suppose -4*o - 20 = -2*o - 4*h, -3*o - 2*h = -10. Suppose 0 = -o*t + 4*t - 40. Suppose x + 54 = 4*x. What is the remainder when x is divided by t?
8
Let i(t) = 3*t**2 + 3*t - 3. Let a be i(-3). Let h be (-3)/(6/(-4) - 0). Suppose h*k + a = 41. Calculate the remainder when 24 is divided by k.
11
Suppose -40 = -h + 3*r, h - 5*r - 100 = -2*h. Calculate the remainder when h is divided by 2*2*9/4.
7
Suppose -6*d = -d - 265. Let s(v) be the third derivative of v**5/12 - v**4/24 + v**2. What is the remainder when d is divided by s(2)?
17
Let h = 24 + -17. Let c be (2/(-3))/((-1)/(-3)). Let f = 1 - c. What is the remainder when h is divided by f?
1
Let n(v) = v**3 - 4*v**2 + v. Let c be 3/18 - (-1)/(-6). Let q(z) = -z + 11. Calculate the remainder when q(c) is divided by n(4).
3
Let l = -168 - -120. Let w be (l/(-20))/((-2)/(-60)). Suppose 3*p - n = -p + 84, 4*p + 2*n - w = 0. Calculate the remainder when p is divided by 7.
6
Suppose -85 = 6*x - 11*x. What is the remainder when 66 is divided by x?
15
Calculate the remainder when 20 is divided by (11 - (1 - -2)) + -1.
6
Let h be -1 - (2 - -9 - -2). Let x = -3 - h. Let b = 6 - 2. Calculate the remainder when x is divided by b.
3
Let q = -8 + 8. Suppose q = r - 5*r + 48. Calculate the remainder when 35 is divided by r.
11
Let r(t) = -t**2 + t - 1. Let i(z) = -5*z**2 + 24*z - 20. Let x(p) = i(p) - 4*r(p). Calculate the remainder when x(16) is divided by 17.
14
Let l(g) = 11 - 3*g**2 + 2*g**2 + 6. What is the remainder when l(0) is divided by (-4)/(-16) + (-69)/(-12)?
5
Suppose -3*c = 39 - 0. Let d = -7 - c. Calculate the remainder when 15 is divided by d.
3
Let t be 3/9 + (-25)/3. Let d(n) = n**3 + 8*n**2 + 2. Suppose -u + 5 = -0*u + 4*y, u = 5*y + 5. What is the remainder when u is divided by d(t)?
1
Let t(c) = 12*c + 2. Calculate the remainder when t(11) is divided by 17.
15
Suppose -g = -2*o - 11 + 2, -42 = -2*g - 4*o. Calculate the remainder when 59 is divided by g.
14
Suppose 117 = 4*d - 19. What is the remainder when d is divided by 13?
8
Let y(q) = -q + 6. What is the remainder when y(-3) is divided by 3?
0
Let w be ((-6)/9)/(2/24). Let v(f) = -f**3 - 8*f**2 - 2*f + 6. Calculate the remainder when 41 is divided by v(w).
19
Let g(b) be the first derivative of -b**4/4 + b**3 + 4*b + 2. Calculate the remainder when g(3) is divided by 3.
1
Let l = -10 - -57. What is the remainder when l is divided by 12?
11
What is the remainder when 222 is divided by (12712/32)/7 - (-6)/(-8)?
54
Let v = -405 + 723. Suppose -4*x = -5*n - v, -3*x + 4*n + 316 = x. Calculate the remainder when x is divided by 20.
17
Let c(m) = 2*m + 37. What is the remainder when 99 is divided by c(-8)?
15
Let p = -8 - -2. Let z(g) = -2*g - 4. Calculate the remainder when 22 is divided by z(p).
6
Let f(u) = -2*u + 12. What is the remainder when 94 is divided by f(-6)?
22
Let z be (-5 - -4)/(2/(-46)). Suppose 0 = -o, o = 3*f - 2*f - z. Calculate the remainder when f is divided by 8.
7
What is the remainder when 4 is divided by ((-28)/21)/(6/(-9))?
0
Let q(m) = -m**3 + 13*m**2 - 10*m - 7. Let c be q(12). Let z(i) = i**3 - 18*i**2 + 18*i + 16. What is the remainder when z(c) is divided by 7?
5
Let p(l) = -l**